t o be s(l). What is the remainder when 30 is divided by 14 + o/4*-1?
8
Let f = 0 + 15. Let k(q) = -q - 6. Let y be k(-11). Suppose -y*o + 4*r = -265, -3*r - 94 = -2*o + r. What is the remainder when o is divided by f?
12
Suppose 4*t - 902 = -53*s + 51*s, -3*t + 4*s = -671. Calculate the remainder when t is divided by 11.
5
Let a(b) = b**2 + 3*b - 4. Suppose 132*k - 40 = 124*k. What is the remainder when a(-7) is divided by k?
4
Let w be (-5052)/(-20) + 10/25. Suppose 4*o + 21 = -4*a + w, -3*a = -o - 178. Let c = 26 + -6. What is the remainder when a is divided by c?
19
Suppose 3 + 3 = s. What is the remainder when (51 - s - 0) + 8/(-2) is divided by 11?
8
Let s(h) = h**2 + 9*h + 5. Suppose -3*d - x = -d - 214, 190 = 2*d - 5*x. Calculate the remainder when d is divided by s(-11).
24
Let m(v) = v**3 + 19*v**2 + 34*v + 17. Calculate the remainder when 91 is divided by m(-17).
6
Let m = 1251 + -1209. What is the remainder when ((-246)/(-4))/(3/6) is divided by m?
39
Suppose 0 = u + 45 - 51. Suppose 3*a = -0*a + 15. Suppose 3*m + 63 = -2*s + 6*s, -4*m = a*s - 71. What is the remainder when s is divided by u?
3
Let b(i) = 7*i + 400. Calculate the remainder when b(-34) is divided by 43.
33
Let s = 1542 + -1491. What is the remainder when 967 is divided by s?
49
What is the remainder when 51 is divided by (2 - -85)*1/(-3)*-1?
22
Suppose 1147 = 20*z - 1133. Calculate the remainder when z is divided by 113.
1
Let k(c) = -c**3 + 9*c**2 - 6*c - 16. What is the remainder when 391 is divided by k(6)?
55
Suppose -9 = -4*o - 45. Let r = -5 - o. Suppose -q - 11 = p - r*q, -5*p + 4*q = 0. Calculate the remainder when 15 is divided by p.
3
Calculate the remainder when 38 is divided by 3 + 11/((-66)/(-54)).
2
Let x(n) = 7*n**2 + n - 4. Calculate the remainder when x(3) is divided by 79/5 + (-1)/(-10)*28/14.
14
Let z be 3042/10 + (-6)/30. Suppose 4*q + 12 = z. Calculate the remainder when q is divided by 19.
16
Let i(t) = -t**3 - 13*t**2 - 24*t + 5. Calculate the remainder when 179 is divided by i(-11).
17
Calculate the remainder when ((-28)/63)/((-6)/621) is divided by 4.
2
Suppose -5*g = -3*d + 162, -108 = -2*d + g - 3*g. Calculate the remainder when 34 is divided by 4/18 + 39*8/d.
4
Suppose -25*v + 32*v - 105 = 0. Calculate the remainder when 28 is divided by v.
13
Let i = -245 - -354. What is the remainder when i is divided by 28?
25
Suppose -2*h - 3*h + 161 = 2*a, -2*a + 166 = 4*h. Suppose -3*t + 0*t + a = 0. Let z(b) = b**3 + b**2 - 2*b. What is the remainder when t is divided by z(2)?
7
Suppose -4*v + 3 = b + 34, -3*b - 4*v - 93 = 0. Let y = 126 + b. Calculate the remainder when y is divided by 14.
11
Let c(n) = -n**2 + 9*n - 2. Let a be c(8). Suppose 4 = a*t - 4*t. Calculate the remainder when t is divided by 102/(-255) + (-7)/(-5) + 0.
0
Suppose -4*l + 4 = d - 7, 3*l + 12 = 0. Let n(y) = y**2 - 2. Let w = -13 + 9. What is the remainder when d is divided by n(w)?
13
Suppose 4 = -3*u - 5*n, -6*n + 4*n = 5*u - 6. Let i(v) = 11 + 0*v**u + 6*v**2 + 9 - 23. What is the remainder when i(-3) is divided by 13?
12
Calculate the remainder when 5*((-580)/(-25) - -6) is divided by 2.
0
Let c(d) = -d**2 - d + 74. Calculate the remainder when c(0) is divided by (-23)/(3 + -4) - 3.
14
Let v(w) = -w**2 + 27*w - 99. Calculate the remainder when v(14) is divided by 42.
41
Let z = -180 - -194. What is the remainder when 123 is divided by z?
11
Calculate the remainder when 47 is divided by -3 - (-10 + 6)*10/4.
5
Suppose 10*j - 469 = 3*j. Calculate the remainder when 261 is divided by j.
60
Suppose -5*q + 4 = 5*w - 51, 0 = 5*q + 2*w - 52. Calculate the remainder when 29 is divided by q.
9
Let s = -112 + 114. Calculate the remainder when 18 is divided by s.
0
Let z = 29 - 33. Suppose 4*b - 242 = -50. Calculate the remainder when b is divided by 512/48 + z/6.
8
Let w = 49 + -34. Suppose -2*m + 5*i - 31 = 0, 2*m = -0*i + 2*i - 34. Calculate the remainder when w is divided by (-39)/(-4) - 1 - m/72.
6
Suppose -2*o = 4*j - 12, -2*o + 0*o + 2 = -j. Suppose -3*k + 40 = -4*l + j*l, 0 = -k + l + 12. What is the remainder when 17 is divided by (10/(-8))/((-2)/k)?
7
Let u(i) = i**2 + 21*i - 37. Let r(m) = -m**3 + 17*m**2 - 18*m + 8. Let f be r(16). Calculate the remainder when u(f) is divided by 18.
17
Suppose -5*q + 10*q = 4*j + 60, -3*q - 5*j = -73. Calculate the remainder when 61 is divided by q.
13
Suppose -204 - 52 = -16*a. Calculate the remainder when 45 is divided by a.
13
Let j be ((-24)/5)/((-36)/120). Suppose -q + 0*q = -j. Let i = -9 + q. Calculate the remainder when 11 is divided by i.
4
What is the remainder when 130 - 10/(20/14) is divided by 26?
19
Suppose -3*m = -4*i + 240, -120 = -2*i + 5*m - 2*m. What is the remainder when 225 is divided by i?
45
Suppose z + 3*z + 2*p - 174 = 0, 4*p = 2*z - 92. Let r = 26 + z. What is the remainder when r is divided by 24?
22
Suppose 2*a = -5*s + 329, -5*s - 88*a + 90*a + 341 = 0. Calculate the remainder when 239 is divided by s.
38
Suppose 0 = -n + 16 - 3. Let x(u) = u**2 - 12*u - 13. Let h be x(n). Suppose h = -0*g + 4*g - 20. What is the remainder when 7 is divided by g?
2
Suppose 3*o - 57 - 60 = 0. What is the remainder when 54 is divided by o?
15
Let n(i) be the third derivative of -i**6/120 - i**5/30 + i**4/6 - 2*i**3/3 + 23*i**2. Calculate the remainder when 33 is divided by n(-4).
9
Suppose -5*a + 1376 = 1056. Calculate the remainder when 127 is divided by a.
63
Let v = -351 + 378. Let a = 166 + -7. Calculate the remainder when a is divided by v.
24
Suppose c + 29 = t, -3*t - 4*c + 66 = -0. What is the remainder when 254 is divided by t?
20
Suppose 0 = 4*s - o - 173, 0*s - 5*o = 2*s - 59. Suppose 0 = h - 4*k - 19, -4*k - 28 = -4*h + 24. What is the remainder when s is divided by h?
9
Suppose -5*k + 4*g + 2023 = 0, -5*k + 1695 = 2*g - 316. What is the remainder when k is divided by 45?
43
Let f(v) be the first derivative of v**2/2 + 28*v - 8. Suppose 5*g + 25 = 3*c, -c + 3*g = 6*g + 1. Calculate the remainder when f(-19) is divided by c.
4
Let i(v) = -v**3 - 5*v**2 - 4*v + 6. Calculate the remainder when 11 is divided by i(-4).
5
Suppose -h + 2*y + 17 = 4*y, 4*y = 2*h - 50. Suppose 0 = -2*k + h - 1. Let x(g) = -g**2 + 10*g + 3. What is the remainder when x(5) is divided by k?
8
Suppose -6*k + 4*k = -44. Calculate the remainder when (3/(-6))/((-3)/654) is divided by k.
21
Let s = 943 - 922. Calculate the remainder when 120 is divided by s.
15
What is the remainder when 171802/651 - (-2)/(-42)*-2 is divided by 88?
0
Suppose 15 = 3*u - 0, -2*u - 5 = -3*t. Let r = 40 - -27. Suppose -t*q + 4*q + r = 0. Calculate the remainder when q is divided by 23.
21
Let y = 46 - 47. Calculate the remainder when 94 is divided by 0 + (-3 - y) + 21.
18
Suppose -5*k - 4*z = 27, -3*k = -2*z + 1 + 2. Let y = -1 - -2. Calculate the remainder when 1*(y + k - -3) is divided by 1.
0
Let t(x) = x**3 - 10*x**2 + 11*x - 16. What is the remainder when 5 is divided by t(9)?
1
Let g(u) = -14*u - 66. Calculate the remainder when 114 is divided by g(-7).
18
Let v(w) = w**3 - 14*w**2 + 13*w + 11. Let q be v(13). Suppose 4*t + i = 316, t + 2*i - q - 75 = 0. What is the remainder when t is divided by 10?
8
Let n = -1544 + 2199. What is the remainder when n is divided by 94?
91
Let f(x) = 13*x - 7. Let g(h) = 25*h - 15. Let i(l) = 7*f(l) - 4*g(l). Calculate the remainder when i(-11) is divided by 28.
26
Suppose 0 = 3*v - 8*v - d - 107, -2*v - d = 44. Let f be ((-2)/(-4))/((-2)/4). Calculate the remainder when f/(-2 - v/11) is divided by 2.
1
Let r(p) = p**3 + 4*p**2 - 6*p - 1. Calculate the remainder when ((-50)/15 - -2)/(4/(-42)) is divided by r(-5).
2
Suppose -14692 = -30*h - 4282. Calculate the remainder when h is divided by 14.
11
Let q = -11 - 0. Let o = -13 - q. Calculate the remainder when 35 is divided by 0 - (-59 - o)/3.
16
Suppose 0 = 2*d - 0*d - 30. Let t(j) = -4*j**2 - 61*j + 10. Calculate the remainder when t(-15) is divided by d.
10
Suppose 2*v - 8 = -0*v. Let f(p) = -p**3 + 7*p**2 - 5*p + 1. Let t = -21 - -36. What is the remainder when f(v) is divided by t?
14
Suppose -8*y + 9 = -5*y. Let r be 1*(2/(-2) + 11). Let s = -7 + r. Calculate the remainder when s is divided by y.
0
Suppose -4*d + 2*i = -120, 4*d + 2*i - 46 - 82 = 0. Calculate the remainde